{"id":11,"date":"2024-02-17T13:18:14","date_gmt":"2024-02-17T13:18:14","guid":{"rendered":"https:\/\/www.hannikainen.net\/lonnroots\/?page_id=11"},"modified":"2024-02-17T13:18:14","modified_gmt":"2024-02-17T13:18:14","slug":"projektista","status":"publish","type":"page","link":"https:\/\/www.hannikainen.net\/lonnroots\/projektista\/","title":{"rendered":"Projektista"},"content":{"rendered":"<div class=\"wp-block-image\">\n<figure class=\"aligncenter\"><img decoding=\"async\" src=\"http:\/\/www.lonnroots.com\/wp-content\/uploads\/2015\/06\/lo-25CC-2588nnroots-264x300.jpg\" alt=\"\" class=\"wp-image-83\"\/><\/figure><\/div>\n\n\n<p><strong>Keit\u00e4?<\/strong><\/p>\n\n\n\n<p>L\u00f6nnroots on kolmen miehen dokkariryhm\u00e4 ja kahden ukon kansanmusiikkiorkesteri. J\u00e4senist\u00f6\u00f6n kuuluvat Juho Hannikainen, Jaani Leinonen ja Jonne Putkonen.<a href=\"http:\/\/www.lonnroots.com\/wp-content\/uploads\/2015\/06\/lo-25CC-2588nnroots.jpg\"><br><\/a><\/p>\n\n\n\n<p><strong>Mit\u00e4?<\/strong><\/p>\n\n\n\n<p>P\u00e4hkin\u00e4nkuoressa: matkaamme suomalais-ugrilaisen kansan pariin, tutustumme kulttuuriin ja ihmisiin, opiskelemme kielt\u00e4 ja valmistamme tien p\u00e4\u00e4ll\u00e4 kaikesta koetusta ja opitusta uuden, paikalliskielisen kansanlaulun. Reissusta syntyy reportaasia, kansasta dokumenttijakso.<\/p>\n\n\n\n<p><strong>Miksi?<\/strong><\/p>\n\n\n\n<p>Moni suomalais-ugrilainen kieli ja kansa on joko uhanalainen tai eritt\u00e4in uhanalainen. Tavoitteena on oppia ja tutkia, mik\u00e4 on kansan ja kulttuurin juuri sek\u00e4 yhteiskunnallinen tila, mist\u00e4 kulttuuri on tulossa ja minne menossa. Tallentaa. Nostaa esiin. Pohtia sukulaisuussuhdetta ja sit\u00e4 kautta metatasolla my\u00f6s suomalaisuutta.<\/p>\n\n\n\n<p><strong>Miten musiikki t\u00e4h\u00e4n liittyy?<\/strong><\/p>\n\n\n\n<p>Kulttuuri ilmenee usein vahvimmin juuri musiikin kautta (tai jopa pysyy elossa musiikin voimin). P\u00e4\u00e4sem\u00e4ll\u00e4 sis\u00e4\u00e4n musiikkiperinteeseen saa k\u00e4sityksen my\u00f6s kansasta. Lis\u00e4ksi vieraan kielen opettelu ja uuden kansanlaulun ty\u00f6st\u00e4minen on \u00e4\u00e4rett\u00f6m\u00e4n haastavaa ja hillitt\u00f6m\u00e4n hauskaa. Reissun p\u00e4\u00e4tteeksi esit\u00e4mme tekem\u00e4mme biisin paikallisille. Ilman kielip\u00e4\u00e4t\u00e4.<\/p>\n\n\n\n<p><strong>Miten L\u00f6nnrot liittyy projektiin?<\/strong><\/p>\n\n\n\n<p>Elias L\u00f6nnrot oli paitsi Kalevalan kokoaja, my\u00f6s melkoinen reissu-esa, joka livahti matkoilleen monesti Kajaanista k\u00e4sin. Sielt\u00e4 mekin olemme l\u00e4ht\u00f6isin. Sattumaako?<\/p>\n\n\n\n<p><strong>Kuka t\u00e4t\u00e4 tuottaa?<\/strong><\/p>\n\n\n\n<p>Katto-organisaationa h\u00e4\u00e4r\u00e4\u00e4 <a href=\"http:\/\/www.vaarakollektiivi.fi\">Vaara-kollektiivi<\/a>.<\/p>\n\n\n\n<p><strong>Milloin saadaan n\u00e4ht\u00e4ville lis\u00e4\u00e4 dokkareita?<\/strong><\/p>\n\n\n\n<p>Lis\u00e4\u00e4 tulee heti, jos (kun!) saadaan jatko-osille rahoitusta (k\u00e4yt\u00e4nn\u00f6ss\u00e4 siis apurahoja). Siihen voi menn\u00e4 vuosi, voi menn\u00e4 viisi &#8211; mutta toivottavasti ennemmin kuin my\u00f6hemmin!<\/p>\n","protected":false},"excerpt":{"rendered":"<p>Keit\u00e4? L\u00f6nnroots on kolmen miehen dokkariryhm\u00e4 ja kahden ukon kansanmusiikkiorkesteri. J\u00e4senist\u00f6\u00f6n kuuluvat Juho Hannikainen, Jaani Leinonen ja Jonne Putkonen. Mit\u00e4? P\u00e4hkin\u00e4nkuoressa: matkaamme suomalais-ugrilaisen kansan pariin, tutustumme kulttuuriin ja ihmisiin, opiskelemme kielt\u00e4 ja valmistamme tien p\u00e4\u00e4ll\u00e4 kaikesta koetusta ja opitusta uuden, paikalliskielisen kansanlaulun. Reissusta syntyy reportaasia, kansasta dokumenttijakso. Miksi? Moni suomalais-ugrilainen kieli ja kansa on joko [&hellip;]<\/p>\n","protected":false},"author":1,"featured_media":0,"parent":0,"menu_order":0,"comment_status":"closed","ping_status":"closed","template":"","meta":{"footnotes":""},"class_list":["post-11","page","type-page","status-publish","czr-hentry"],"_links":{"self":[{"href":"https:\/\/www.hannikainen.net\/lonnroots\/wp-json\/wp\/v2\/pages\/11","targetHints":{"allow":["GET"]}}],"collection":[{"href":"https:\/\/www.hannikainen.net\/lonnroots\/wp-json\/wp\/v2\/pages"}],"about":[{"href":"https:\/\/www.hannikainen.net\/lonnroots\/wp-json\/wp\/v2\/types\/page"}],"author":[{"embeddable":true,"href":"https:\/\/www.hannikainen.net\/lonnroots\/wp-json\/wp\/v2\/users\/1"}],"replies":[{"embeddable":true,"href":"https:\/\/www.hannikainen.net\/lonnroots\/wp-json\/wp\/v2\/comments?post=11"}],"version-history":[{"count":1,"href":"https:\/\/www.hannikainen.net\/lonnroots\/wp-json\/wp\/v2\/pages\/11\/revisions"}],"predecessor-version":[{"id":12,"href":"https:\/\/www.hannikainen.net\/lonnroots\/wp-json\/wp\/v2\/pages\/11\/revisions\/12"}],"wp:attachment":[{"href":"https:\/\/www.hannikainen.net\/lonnroots\/wp-json\/wp\/v2\/media?parent=11"}],"curies":[{"name":"wp","href":"https:\/\/api.w.org\/{rel}","templated":true}]}}